{"id":53,"date":"2022-03-17T17:38:07","date_gmt":"2022-03-17T17:38:07","guid":{"rendered":"http:\/\/gotasdrocio.com\/?page_id=53"},"modified":"2022-03-17T18:07:26","modified_gmt":"2022-03-17T18:07:26","slug":"arlanza","status":"publish","type":"page","link":"https:\/\/gotasdrocio.com\/?page_id=53","title":{"rendered":"D.O. Arlanza"},"content":{"rendered":"\n<p>La D.O. Ribera del Arlanza est\u00e1 ubicada en el centro de la provincia de Burgos y sureste de Palencia, se extiende a lo largo del valle medio y bajo del r\u00edo Arlanza y sus afluentes.<\/p>\n\n\n\n<p>Con una especial climatolog\u00eda unida a una altitud que ronda los 1.000 metros y notables contrastes t\u00e9rmicos entre el d\u00eda y la noche, dan como resultado uvas resistentes, con hollejos gruesos y cargados de sustancias arom\u00e1ticas y colorantes, que se trasmiten al vino dando lugar a vinos muy intensos en aromas y singulares.<\/p>\n\n\n\n<p>La Variedad principal Tinta del Pa\u00eds, adaptada a la zona desde tiempo inmemorial confiere a los vinos una personalidad propia del Arlanza.<\/p>\n\n\n\n<p>Los tintos son longevos, con mucho color y particulares aromas; desarrollando una personalidad propia capaz de sorprender muy gratamente al que no los conoce. Los rosados son muy arom\u00e1ticos, limpios y brillantes.<\/p>\n\n\n\n<p>La tradici\u00f3n vitivin\u00edcola de del Arlanza hunde sus ra\u00edces en lo m\u00e1s profundo de la historia.<\/p>\n\n\n\n<figure class=\"wp-block-embed is-type-video is-provider-youtube wp-block-embed-youtube wp-embed-aspect-16-9 wp-has-aspect-ratio\"><div class=\"wp-block-embed__wrapper\">\n<iframe loading=\"lazy\" title=\"Denominaci\u00f3n de Origen Arlanza\" width=\"525\" height=\"295\" src=\"https:\/\/www.youtube.com\/embed\/fOvTO7diTdE?start=8&#038;feature=oembed\" frameborder=\"0\" allow=\"accelerometer; autoplay; clipboard-write; encrypted-media; gyroscope; picture-in-picture\" allowfullscreen><\/iframe>\n<\/div><\/figure>\n","protected":false},"excerpt":{"rendered":"<p>La D.O. Ribera del Arlanza est\u00e1 ubicada en el centro de la provincia de Burgos y sureste de Palencia, se extiende a lo largo del valle medio y bajo del r\u00edo Arlanza y sus afluentes. Con una especial climatolog\u00eda unida a una altitud que ronda los 1.000 metros y notables contrastes t\u00e9rmicos entre el d\u00eda &hellip; <\/p>\n<p class=\"link-more\"><a href=\"https:\/\/gotasdrocio.com\/?page_id=53\" class=\"more-link\">Continuar leyendo<span class=\"screen-reader-text\"> \u00abD.O. Arlanza\u00bb<\/span><\/a><\/p>\n","protected":false},"author":1,"featured_media":63,"parent":0,"menu_order":0,"comment_status":"closed","ping_status":"closed","template":"","meta":{"om_disable_all_campaigns":false,"_monsterinsights_skip_tracking":false,"_monsterinsights_sitenote_active":false,"_monsterinsights_sitenote_note":"","_monsterinsights_sitenote_category":0},"_links":{"self":[{"href":"https:\/\/gotasdrocio.com\/index.php?rest_route=\/wp\/v2\/pages\/53"}],"collection":[{"href":"https:\/\/gotasdrocio.com\/index.php?rest_route=\/wp\/v2\/pages"}],"about":[{"href":"https:\/\/gotasdrocio.com\/index.php?rest_route=\/wp\/v2\/types\/page"}],"author":[{"embeddable":true,"href":"https:\/\/gotasdrocio.com\/index.php?rest_route=\/wp\/v2\/users\/1"}],"replies":[{"embeddable":true,"href":"https:\/\/gotasdrocio.com\/index.php?rest_route=%2Fwp%2Fv2%2Fcomments&post=53"}],"version-history":[{"count":3,"href":"https:\/\/gotasdrocio.com\/index.php?rest_route=\/wp\/v2\/pages\/53\/revisions"}],"predecessor-version":[{"id":89,"href":"https:\/\/gotasdrocio.com\/index.php?rest_route=\/wp\/v2\/pages\/53\/revisions\/89"}],"wp:featuredmedia":[{"embeddable":true,"href":"https:\/\/gotasdrocio.com\/index.php?rest_route=\/wp\/v2\/media\/63"}],"wp:attachment":[{"href":"https:\/\/gotasdrocio.com\/index.php?rest_route=%2Fwp%2Fv2%2Fmedia&parent=53"}],"curies":[{"name":"wp","href":"https:\/\/api.w.org\/{rel}","templated":true}]}}